5*b - 0*k + 3*k + 45. What is g(b)?
-13
Suppose -6 = -5*i - 3*q, -3*q - q + 8 = -4*i. Let g(z) = z**3 + z + 1. Calculate g(i).
1
Let u(a) = 0*a - 5*a + 142 - 141. Calculate u(1).
-4
Let p = -16 - -16. Let f(g) = -g**2 - 4. Calculate f(p).
-4
Suppose -4*s = s + 3*z - 4, 5*s + 5*z = 0. Let y = s - 1. Let j = y - 2. Let h(r) = 7*r + 1. What is h(j)?
-6
Let b(s) = -2*s + 1 + 3*s - 6*s**2 - 1. Give b(1).
-5
Let r(c) = 5*c**3 - c**2 + 1. Let m(h) = -h - 13. Let p be m(-10). Let q = 4 + p. Let n be r(q). Let z(f) = f**2 - 3*f - 5. What is z(n)?
5
Let m(a) = -a - 1. Let k(g) = -g**2 + 4*g + 2. Let v(q) = -k(q) - 3*m(q). Let y = -7 - -9. Calculate v(y).
3
Suppose -23 = -5*q + 2. Let u(p) = 4*p + p - 5*p - p - q. What is u(-4)?
-1
Let s(m) = -m**2 + 10*m + 12. Let q(v) = -v - 1. Let r(h) = 4*q(h) + s(h). What is r(6)?
8
Let i be ((-1)/3 + 1)/8. Let o(c) be the second derivative of -1/2*c**3 + 0*c**2 + i*c**4 - c + 0. Give o(3).
0
Let b = 19 + -17. Let h(w) be the third derivative of w**4/24 - w**3/3 + w**2. Calculate h(b).
0
Suppose -c + 4 - 3 = 0. Let w(r) = 2*r**2 - r + 1. Determine w(c).
2
Suppose -4*g + 10 = -2. Suppose -f + g = 2. Let n be (f*4)/(5 - 6). Let a(y) = y**3 + 4*y**2 + y - 4. Calculate a(n).
-8
Let v(x) = -x**3 - 4*x**2 - 2*x + 2. Let o be 2/(0 + 1 + -2). Let w be ((2 + -2)/(-2))/o. Let r be -5 - (-2 + w)*1. What is v(r)?
-1
Suppose 0 = -3*c + 11 + 13. Let a(j) = 2*j - 11. Let g be a(c). Let b(p) = p**3 - 5*p**2 - 2*p + 1. Calculate b(g).
-9
Let t(a) = -a**2 - a - 10*a + 8 + 9*a + 7*a. Determine t(6).
2
Let l(n) be the second derivative of n**5/20 + n**4/3 - 5*n**3/6 - n**2/2 + 23*n. Give l(-5).
-1
Let q be (2 - 57/30)/2. Let g(d) be the second derivative of 1/4*d**4 + d - q*d**5 + 0 + 1/2*d**3 - 3/2*d**2. Give g(4).
-7
Let n(c) = -c**3 - 4*c**2 + 7*c + 6. Suppose 4*h + 19 = -17. Let t be (-2)/(-3) + (-12)/h. Suppose 6*v - t*v + 20 = 0. What is n(v)?
-4
Suppose -n = -3*h - 11, 0*n = -4*n - 4*h - 20. Let v = 0 - n. Let g be v + 3*(-1 + 0). Let y(d) = 5*d. Give y(g).
-10
Let w(i) be the first derivative of 7*i**3/3 - 3. Determine w(-1).
7
Suppose -4 = -i - k, -6*i + 4 = -i - 3*k. Suppose -5*u + 1 = -9. Let c(z) = 4*z + 0 + z**3 + 3 - z**u - 6. What is c(i)?
9
Let k(i) = 2*i**3 - i**2 + i - 1. Let v be -2*3*(-4)/4. Suppose v*s - s = 10. Suppose 0*b = 2*b - s. Determine k(b).
1
Let d(z) be the second derivative of 5*z**4/12 - z**3/6 - z**2/2 + 20*z. Suppose -4*a = -9 + 1. Suppose a - 7 = 5*w. What is d(w)?
5
Let h(x) = -x + 4*x + 6*x - 3*x. Give h(-1).
-6
Let v(u) be the second derivative of u**5/20 + u**4/4 + u**3/6 - u**2/2 - 10*u. Determine v(-3).
-4
Let d(z) = 5*z. Let w(g) = -g**3 - g**2 + 6*g - 1. Let o be w(2). What is d(o)?
-5
Let r(p) = 4*p**2 + 16*p + 24. Let u(w) = 2*w**2 - w - 3. Let q(l) = -l**2 + 2*l + 4. Let h(j) = 3*q(j) + 2*u(j). Let z(a) = 9*h(a) - 2*r(a). Calculate z(-4).
6
Let a(q) be the first derivative of -q**3/3 + q**2/2 - q + 2. Let u be a(2). Let r(w) = 4*w + 2. What is r(u)?
-10
Let t(o) = 4*o + 1. Suppose 0 = 2*m - 6, 11 = -4*h - 0*h + 5*m. Calculate t(h).
5
Suppose f = 4, y - 4*f + 12 = 1. Let k(a) = -2*a - 7. What is k(y)?
-17
Let z(s) = -s - 3. Let r(d) = d**2 + 7*d - 11. Let j be r(-8). Determine z(j).
0
Let d(z) = -z**3 + 6*z**2 + 6*z. Let u(t) = 1. Let q(b) = -d(b) - 5*u(b). Let j be q(7). Let n(m) = m - 1. Give n(j).
1
Let f(j) = -j**3 + 6*j**2 - j + 6. Let w(i) = 8*i - 6 + 1 - 9 + i**2. Let s be w(-10). Give f(s).
0
Let b(o) = o**2 + 2*o - 2. Let v(w) = w. Let k(d) = b(d) - v(d). Calculate k(-4).
10
Let m(j) = 6*j**2 - j**2 + 6*j - 6*j**2 + 7. Determine m(7).
0
Let q be 8/6*(-12)/(-8). Suppose 3*i = -2*c - 13, -q*c - 3*i = 3*c + 10. Let m(x) = -c + x**2 + 0 + x + x**2. Determine m(1).
2
Let o(c) = 0*c - 3*c + 2*c. Suppose 0 = 5*f + 25, -5*f - 16 - 1 = g. Let b(z) = z**2 - 8*z - 5. Let j be b(g). Give o(j).
5
Let n(t) be the second derivative of -t**3/6 + t**2/2 - 28*t. What is n(4)?
-3
Suppose -x - s = 7, 4*x + s + 17 + 5 = 0. Let a(m) = m**2 - 7*m + 2*m - 4 - 2*m**2. Calculate a(x).
-4
Let t be 2 - ((-6)/(-2) + 1). Let x(u) = -u**3 - 2*u**2 - 2*u - 1. Let h(b) = -5*b**3 - 9*b**2 - 9*b - 4. Let y(q) = 2*h(q) - 11*x(q). What is y(t)?
3
Let b = -23 - -28. Let i(h) = -h**3 + 4*h**2 + 4*h - 2. Calculate i(b).
-7
Suppose o + 18 = -o + 4*v, 23 = 3*o + 4*v. Let b be (-4 + 5)*-1 + 3. Let i(m) = 9*m**3 + m + m + 4*m**b + o - 2 - 7*m**3. Give i(-2).
-5
Let m(a) be the third derivative of a**5/60 - a**4/8 + 3*a**2. Let t be m(3). Let c be (-4)/6*(-6 + t). Let f(j) = -j + 3. What is f(c)?
-1
Let v(s) = s**3 + 23*s**2 + 24*s + 47. Let q be v(-22). Let o(y) be the first derivative of -2 - y - 3/2*y**2 - 1/3*y**q. Calculate o(-3).
-1
Suppose 4*c = c - 6. Let l(s) = -s**3 - s**2 - 2*s - 2. What is l(c)?
6
Let x(j) = -j**2 - 7*j + 4. Let i be x(-7). Suppose -i = -2*m - 0. Let n(q) = -6 - q**m - 2*q + 7 + 0*q. What is n(-3)?
-2
Let m = 6 + -6. Let z(n) = -4*n + n + m*n + 5. Let p = 15 + -11. Give z(p).
-7
Let j(s) be the first derivative of -s**3/3 + 7*s**2/2 - s + 8. Give j(6).
5
Let k(a) = 2*a - 4. Let c(r) = 2*r**3 + 22*r**2 + 2*r + 25. Let v be c(-11). What is k(v)?
2
Let w(y) = -1. Let t(o) = o**3 - 3*o**2 - 2*o + 2. Let z(u) = t(u) + 4*w(u). What is z(4)?
6
Let n be 5/1 - (-2)/2. Let z be 400/140*7/2. Let t(o) = o + 20 - 12 - z. What is t(n)?
4
Let u be ((-15)/25)/(1/(-5)). Suppose 2*a + 5 = 5*h, -u = -2*h - h - a. Let o(k) = -13*k**3 + k**2 + k - 1. What is o(h)?
-12
Let d(t) be the second derivative of t**3/6 - 3*t**2/2 - t. Suppose 5*l + 2*y - 4 = 17, 5*l - 12 = y. Determine d(l).
0
Let q = -4 - -7. Let f = 7 - q. Suppose 4*r - 3*w - 21 = 0, -2*w + f*w + 18 = 4*r. Let z(d) = d**3 - 4*d**2 + 3*d + 1. Determine z(r).
1
Let f(t) be the first derivative of -5*t**3/3 + t**2 + t + 2. Give f(-1).
-6
Let v(n) be the third derivative of n**5/60 - n**4/4 + n**3/3 + 6*n**2. What is v(4)?
-6
Let b = 4/5 + 1/30. Let i(a) be the second derivative of 0 + 5/2*a**2 + 1/20*a**5 + b*a**3 + 2*a + 5/12*a**4. What is i(-4)?
1
Let s = 24 + -26. Let g be ((-8)/(-10))/(s/10). Let q(j) = -j**3 - 4*j**2. What is q(g)?
0
Let t = 10 - 6. Suppose 5*g - 3*c + 6*c - 8 = 0, -2*c = -g - 1. Let q(p) = -3*p + 0 - g + 2*p. Give q(t).
-5
Suppose 3*b + 3 = 4*b. Let d(o) = -o**3 + 3*o**2 - 3*o + 3. Determine d(b).
-6
Let q(p) = -5*p**3 + p**2 - 1. Let z = 7 + -4. Suppose -2*y + 2 + 0 = 3*c, -2*c = -z*y + 3. Give q(y).
-5
Let y(r) = -3*r - 4. Let g be y(-3). Let s(t) = -2*t + t - 2 - 2 + 4*t. What is s(g)?
11
Let z(q) be the third derivative of -q**4/12 - q**3/2 + 58*q**2. Give z(-2).
1
Let w = 13 - 8. Let z be 18/24 - 38/8. Let h(m) = m**3 - m**2 + m. Let p(x) = 5*x**3 - 10*x**2 + 9*x - 5. Let q(u) = z*h(u) + p(u). Determine q(w).
-5
Let c(n) = n**2 + n + 2. Let z = -83 - -83. Give c(z).
2
Let j be (-3)/(-3)*1 + 2. Suppose 0 = 5*x - 4*p - 18 - 2, x + 15 = -j*p. Let v(r) = r**2 - r - 3. Give v(x).
-3
Let q(k) = -2*k - 17 - 2*k + 3*k. What is q(0)?
-17
Let a(y) be the second derivative of -y**4/12 + y**3/3 - 3*y**2/2 - 7*y. Suppose l + 12 = 5*l. What is a(l)?
-6
Let u be (-2)/(6/3)*(-11 + 5). Let z(d) = d**3 - 5*d**2 - d - 8. Determine z(u).
22
Suppose 2*g - 2 = -a - 0*g, -5*a = -g + 1. Let n = 0 - a. Let v(d) = -d**2 - d + 6. Calculate v(n).
6
Let d(f) = -f**2 + 12*f - 31. Let y be d(9). Let o(n) = n**2 + 6*n + 1. Determine o(y).
-7
Let y(g) = -g**2 - g - 2. Let i(b) = -b**2 + 6*b + 4. Let u be i(4). Let x be ((u*1)/3)/2. Calculate y(x).
-8
Let c(r) = 3*r**3 - r**2 - 3*r - 1. Let n be c(-1). Let u(g) = g**2 + 2*g. What is u(n)?
0
Suppose 0 = -3*c + 15 + 21. Suppose -3*l - x + c = 0, 5*l + x - 18 = -0*x. Let h(y) = -1 + l*y**2 - 3*y + 6*y - y. Calculate h(1).
4
Let g(t) = t**2 + 4*t + 1. Suppose -n = -2 - 0. Suppose 6*y = n*y. Suppose y*s = s + 3. Calculate g(s).
-2
Suppose -4 = 3*h + 4*q, 0 = h + 4*q - 0 - 4. Let u(m) = -m**3 - 5*m**2 - 5*m - 1. What is u(h)?
3
Suppose 5*k - 5*s = -1 + 16, 1 = 2*k + 3*s. Let y(o) = 0*o - 3*o - o**3 + 0*o**3 - 2*o**k. Give y(-2).
6
Suppose -5*m + 7 = -13. Suppose 3*q - u - 10 = 0, 8 = -q - 3*q - m*u. Let n(l) = q - 4*l + 2 - 1. Determine n(3).
-9
Let d(h) be the second derivative of 0 - 2*h + 3/2*h**2 - 2/3*h**3 - 1/12*h**4. Give d(-4).
3
Let d = 10 - 8. Let i(j) be the first derivative of 5/2*j**2 - 1/3*j**3 - d - 6